- w. List the prime factors of g/2*2/1.
5
List the prime factors of ((-106)/(-3))/(9/162*3).
2, 53
Suppose 0 = 3*b - 12 - 114. List the prime factors of b.
2, 3, 7
Suppose -29 = -2*t + 7*x - 4*x, -x = 1. What are the prime factors of t?
13
Let w = 192 + -121. List the prime factors of w.
71
Suppose -3*t + 121 = 4*r, 57 = 2*r - 2*t + 7. List the prime factors of r.
2, 7
Let v(p) = -p**2 - 7*p - 6. Let f be v(-6). Suppose f = -4*i + 43 + 25. List the prime factors of i.
17
Let b = 52 - -6. List the prime factors of b.
2, 29
Suppose -4*h = 5*j - 46, -4*j + 3*h + 12 = -0. Suppose 3*c = 2*c + j. What are the prime factors of c?
2, 3
Suppose -212 = -7*a + 1440. List the prime factors of a.
2, 59
Let c(l) = l**2 + 11*l + 3. Let b be c(-12). Let h = b - 13. What are the prime factors of h?
2
Let c(y) = 2*y**3 + y**3 - 2*y**3 - 6*y**2 + 8 - y**2. List the prime factors of c(7).
2
Let u(l) = -l**3 + 5*l**2 + 7*l - 8. Let s be u(6). Let a be (0 - 1 - -3) + s. Suppose -g + 5 + 6 = a. List the prime factors of g.
11
Let i be 2/(-2) + 2 - -157. Let p = i - 111. What are the prime factors of p?
47
Let z be 24/14 + 2/7. Suppose -v - 3 = d - 4*d, -3*v - z*d = -46. List the prime factors of v.
2, 3
Suppose 422 = 6*s - 778. List the prime factors of s.
2, 5
Let a = 4 - 8. Let o = 2 - a. Suppose q = o + 7. List the prime factors of q.
13
Let o = -93 - -155. List the prime factors of o.
2, 31
Let h = 71 - -132. What are the prime factors of h?
7, 29
Let i(n) = 14*n**2 - 11*n - 22. What are the prime factors of i(-2)?
2, 7
Suppose -2*u - 3 = 7. Let b be (-8)/(-20) + 42/u. Let x = b - -25. What are the prime factors of x?
17
List the prime factors of (-48)/(-1 - 1) + 2.
2, 13
Let q be (-88)/(-5) - 4/(-10). Let z(p) = p. Let j be z(5). Let f = q - j. List the prime factors of f.
13
Suppose 0*m + 4*m - 12 = 0. Suppose 5*d - 5 = 5*k, d + 17 = -m*d - 3*k. List the prime factors of d - (-8 - 0/(-1)).
2, 3
Let u = -36 - -76. What are the prime factors of u?
2, 5
Suppose 4*m = -5*a + 115, 3*m - a - 57 = 53. What are the prime factors of m?
5, 7
Let p = 8 + 4. What are the prime factors of ((-9)/p)/(2/(-8))?
3
What are the prime factors of ((-303)/(-2) - -2) + (-1)/2?
3, 17
Suppose 12 = -g + 2. What are the prime factors of g*(1 - -3)/(-2)?
2, 5
List the prime factors of ((-100)/3)/(75/27 - 3).
2, 3, 5
Suppose -b - 2*d + 3 = 0, -4*b = 4*d + 4 - 12. What are the prime factors of 20 + b - (-18)/6?
2, 3
Let c(z) = -2*z - 2. Let q = 1 + -3. What are the prime factors of c(q)?
2
Let c = -5 - -7. Suppose -1 = c*m - 3*m. List the prime factors of (-11 - m)/(-2)*2.
2, 3
Let x(v) = v + 4. Suppose -2*o + 40 = 3*o. List the prime factors of x(o).
2, 3
Suppose -3*t + 63 = 4*m + 2*t, 52 = 3*m - t. Suppose -2*q - m = 3*g - 65, -2*q - 4*g = -52. List the prime factors of q.
2, 3
Let w = 79 + -39. List the prime factors of w.
2, 5
Suppose 3 = -n + 2. Let x be (-1)/((-1)/12 + 4/16). What are the prime factors of (-1 + n/(-2))*x?
3
Suppose -2*q - l = -0*q - 1, -q - 2 = l. List the prime factors of q.
3
Suppose -3*h + 524 = 4*o - h, 4*h - 117 = -o. List the prime factors of o.
7, 19
Let j = 68 + -46. List the prime factors of j.
2, 11
Let p = 22 + 2. List the prime factors of p.
2, 3
Let p = -5 - -9. Suppose p*q - 71 = 5. Suppose q = 4*h - 3*d - 19, 3*h = -2*d + 20. What are the prime factors of h?
2
Let a(b) = 8*b**2 + 2*b + 2. Suppose -4*j = -2*w, 4*j + 2*w = -0*j - 16. List the prime factors of a(j).
2, 3, 5
Let t = 48 + 54. What are the prime factors of t?
2, 3, 17
Suppose -2*z + 101 = 3*p + 38, -4*p - z = -84. Let d = p - 9. List the prime factors of d.
2, 3
Suppose 7*a - 6*a = 50. Suppose 5*o + a = 5*v, 2*v + 2*o = -3*o + 55. List the prime factors of v.
3, 5
Suppose 130 = -0*x + 5*x. Suppose 11 = 2*y - 5*j, -x + 7 = -5*y + 4*j. Suppose 0 = -2*m + 1 + y. List the prime factors of m.
2
Suppose 4*b - 16 = -5*v, -5*b = -3*v - 0*v - 20. Suppose d = 2*i + i + 5, -4*i + b = 0. Let r = 13 - d. List the prime factors of r.
5
Let j = 4 + 0. Let w(m) = -2*m - 4 + j + 1. What are the prime factors of w(-4)?
3
Suppose -t + 1 = -0*t. Let d = t - -6. List the prime factors of d.
7
Let i be (-8)/(3*(-3)/(-9)). Let r(c) = -c**2 - 8*c + 11. List the prime factors of r(i).
11
Suppose 5*z - 8 = -t, 3*t + 9 = 7*t - 3*z. Suppose -t*l - 3*u + 161 = 44, -5*l + 2*u + 174 = 0. List the prime factors of l.
2, 3
Suppose 0 = -4*m - 2 - 2. Let b = -10 + m. What are the prime factors of 2/(-11) - 24/b?
2
Let i be 7/(-35) - (-21)/5. Suppose 120 + 104 = i*k. What are the prime factors of k?
2, 7
Let q(m) = -2*m - 16. Let r be q(-12). List the prime factors of (-4)/(-14)*(-1 + r).
2
Suppose 13*a - 2394 = -6*a. What are the prime factors of a?
2, 3, 7
Let v = -6 + 4. Let n = 1 - v. What are the prime factors of n?
3
Suppose 4*g = -128 + 444. What are the prime factors of g?
79
Suppose -4*h = -106 - 262. What are the prime factors of h?
2, 23
Suppose 130 = -5*b + 4*t, 3*b + 5*t - 2*t = -105. List the prime factors of b/((30/4)/(-5)).
2, 5
Suppose 0 = 3*l - 5*x - 238, l = -l - 2*x + 164. Let b = l + -53. List the prime factors of b.
2, 7
Let m(p) = 3*p**2 - 2*p - 2. Let v be m(-2). What are the prime factors of (3/2)/(1/v)?
3, 7
List the prime factors of ((-898)/(-4) - 4) + 3/(-2).
3, 73
Let q(o) = -2*o + o**2 - 2*o**2 - 3*o - o. Let s be q(-5). Let v = s + 1. What are the prime factors of v?
2, 3
Let l = 3 - 0. Let i be 1/(l/(-2) - -2). Suppose i*b = 3*d - 5, -3*b = -d - b - 5. What are the prime factors of d?
5
Suppose -5*f - 10 = -0. What are the prime factors of f/5 + 488/20?
2, 3
Suppose f - 5 = 58. List the prime factors of f.
3, 7
Let j = -7 - -6. Let p = 1 + j. Suppose -2*g + 28 = -p*g. What are the prime factors of g?
2, 7
Suppose l + 5*b - 3 = 0, -2*b = 5*l - 4*b + 12. Let q be (4/(-3))/(l/(-6)). List the prime factors of (-17)/q + (-2)/8.
2
Let c(v) = v**3 - 11*v**2 + 11*v - 7. Let r = 29 + -19. Let o be c(r). Suppose -o*j - 2*j + 3*q = -74, 4*j + 3*q - 43 = 0. List the prime factors of j.
13
Suppose -4*h = -0*h - 4*n, -8 = h - 3*n. Let j be (16/6)/(h/6). Suppose 59 = j*c - 13. What are the prime factors of c?
2, 3
Suppose 0 = 4*f - 0*f - 360. List the prime factors of f.
2, 3, 5
Suppose 3*h + 3*q - 99 = 0, 4*h = 3*q + 22 + 96. List the prime factors of h.
31
Let b(p) = -p**2 + 6*p + 8. Let g be b(7). Let v = 6 - g. What are the prime factors of v?
5
Let v = 20 + -4. List the prime factors of v.
2
Let t be (-1)/(((-3)/(-1))/(-60)). Suppose -t = -5*w + 85. What are the prime factors of w?
3, 7
Let s be (2/4)/((-1)/10). Let y(q) = -4*q - 5. What are the prime factors of y(s)?
3, 5
Let c(v) = -v + 4. Suppose 2*z - 5*u - 17 = z, 2*z = -3*u - 31. List the prime factors of c(z).
2, 3
Suppose -2*b + 2*z = -6, 4*b = 2*z + 3*z + 12. Suppose 10 = -b*y + 1, -104 = -5*x - 2*y. What are the prime factors of x?
2, 11
Suppose 45 = b - 36. List the prime factors of b.
3
Let p = 0 + 0. Suppose p = -4*q - 4 + 28. What are the prime factors of q?
2, 3
Let p = -7 + 63. List the prime factors of p.
2, 7
Suppose -5*b - 2*m + 15 = 0, -3*b - 4*m + 7 = -16. List the prime factors of -3 + 12 + b*-3.
2, 3
List the prime factors of 14/(20/4 - 3).
7
Let n(g) = -g**2 - g + 5. Let w be n(-4). Let f(a) = a**2 + 5*a - 3. Let k be f(w). Suppose -3*r + 59 = k. What are the prime factors of r?
2
Let j = 15 + -9. Let k(w) = -w**3 + 5*w**2 + 6*w + 3. Let m be k(j). Suppose m*b = 5*b - 4*r - 10, 4 = 2*r. What are the prime factors of b?
3
Let w = -4 - -9. Suppose -v - 2 = 0, b + 11 = -w*v + 1. Suppose -4*p - 25 + 73 = b. List the prime factors of p.
2, 3
Let o be 4/(-2) - (-14 - 8). Suppose 3*w + 2*w = o. List the prime factors of w.
2
Let r(p) = -p**3 + 7*p**2 - 4*p - 4. Let b be r(6). Suppose 3*s - 2*k = b + 10, 5*s + k - 43 = 0. What are the prime factors of s?
2
Let g = 26 - -17. What are the prime factors of g?
43
Suppose 89 = 2*b - 3*q, 2*b + 2*q + 2*q = 110. What are the prime factors of b?
7
Let y(p) be the third derivative of p**4/8 + 2*p**2. What are the prime factors of y(2)?
2, 3
Let w be (-210)/55 + (-2)/11. Let p = 29 + w. What are the prime factors of p?
5
Let p be (1 + 4/(-8))*10. Suppose a - 2 = 0, 0*j + p*a = j - 39. List the prime factors of j.
7
Let l = 2 + 0. Suppose 5*r - 3*x - 38 = 46, 36 = 2*r - l*x. What are the prime f